8?
3304
Calculate the highest common factor of 30020529 and 132.
33
What is the highest common divisor of 1043420 and 1428406?
3598
Calculate the greatest common divisor of 19 and 872671254.
19
What is the greatest common divisor of 1569 and 14277900?
1569
What is the highest common factor of 1593 and 7701660?
9
What is the highest common divisor of 6587487 and 243?
243
What is the greatest common divisor of 67264494 and 2936?
734
What is the greatest common divisor of 11826 and 1926762?
438
Calculate the greatest common divisor of 1347047435 and 3785.
3785
Calculate the highest common factor of 9 and 764089.
1
What is the greatest common divisor of 15110228 and 2156?
196
What is the greatest common divisor of 9622 and 800258?
34
What is the highest common divisor of 748540 and 21140?
20
What is the highest common factor of 920 and 1040632?
8
Calculate the highest common factor of 1645043 and 1025.
41
What is the greatest common divisor of 321644 and 2557108?
764
What is the greatest common factor of 1876 and 818692?
28
What is the greatest common divisor of 10590580 and 66010?
1610
What is the highest common divisor of 260667 and 297?
99
What is the highest common factor of 304190263 and 4511?
4511
What is the highest common factor of 2969405 and 65?
5
Calculate the highest common factor of 2600 and 1942564.
52
What is the highest common divisor of 846336 and 1193466?
3306
Calculate the greatest common divisor of 816893 and 7799.
11
Calculate the greatest common factor of 1012114267 and 23068.
5767
What is the greatest common factor of 31084 and 2385288?
1636
Calculate the highest common divisor of 30227 and 3607873.
181
What is the highest common factor of 3649144 and 53048?
2792
What is the highest common divisor of 712881 and 40950?
117
Calculate the greatest common factor of 28 and 2742362.
14
What is the highest common divisor of 370 and 11453030?
10
What is the greatest common factor of 23559647 and 631?
631
Calculate the highest common factor of 4274365 and 2505.
835
What is the highest common divisor of 162 and 123444702?
54
Calculate the greatest common divisor of 5396929 and 32474.
1249
What is the greatest common factor of 152757 and 2439?
9
What is the greatest common factor of 14936 and 45222474?
3734
What is the greatest common factor of 2037 and 94265376?
291
Calculate the highest common factor of 65 and 94555357.
13
What is the greatest common factor of 2028721 and 3321?
41
Calculate the highest common divisor of 276 and 647082.
138
Calculate the highest common divisor of 28140 and 158656.
268
What is the highest common factor of 869475476 and 5128?
2564
Calculate the highest common factor of 2 and 1741178.
2
Calculate the highest common divisor of 2401317 and 9789.
753
What is the highest common divisor of 54410202 and 222?
222
What is the highest common factor of 26724603 and 51?
3
Calculate the greatest common factor of 990843 and 55419.
609
What is the highest common factor of 84 and 146611884?
12
Calculate the highest common divisor of 138460 and 423430.
1610
Calculate the highest common factor of 152800 and 88175.
25
What is the greatest common factor of 13 and 46959653?
13
Calculate the highest common divisor of 271466 and 911322.
394
What is the greatest common factor of 300 and 4144135?
5
What is the greatest common divisor of 380120 and 221?
221
What is the greatest common factor of 5 and 605345?
5
Calculate the highest common divisor of 40868 and 1574620.
2404
What is the highest common factor of 105631 and 8687?
73
What is the highest common divisor of 910 and 17419675?
455
What is the greatest common factor of 879368529 and 1443?
1443
What is the highest common divisor of 34250 and 69322?
274
Calculate the highest common factor of 3132400 and 378225.
1025
What is the highest common factor of 385 and 344785?
35
Calculate the highest common factor of 30014 and 522802.
698
What is the highest common factor of 252 and 3913434?
126
What is the highest common divisor of 202248 and 3541884?
636
What is the highest common divisor of 655 and 1757627?
131
What is the highest common divisor of 6032 and 329219020?
1508
Calculate the highest common divisor of 194 and 3497787796.
194
What is the highest common factor of 70837 and 8021?
13
What is the greatest common factor of 451 and 2849582?
41
Calculate the greatest common divisor of 8 and 58934448.
8
What is the greatest common divisor of 57810066 and 1464?
366
Calculate the highest common divisor of 27 and 9914076.
27
Calculate the highest common factor of 3594419 and 15839.
47
Calculate the greatest common divisor of 32698115 and 5.
5
Calculate the highest common divisor of 1355390 and 1955.
115
What is the greatest common factor of 40 and 7829540?
20
Calculate the greatest common factor of 24264 and 11127066.
2022
What is the greatest common factor of 98197 and 1057793?
1243
What is the greatest common divisor of 845 and 10978045?
65
Calculate the highest common divisor of 1592737884 and 87.
87
Calculate the greatest common divisor of 2510 and 299443.
251
Calculate the greatest common divisor of 632711227 and 47.
47
What is the greatest common divisor of 1301878 and 145148?
262
Calculate the greatest common factor of 6 and 200881206.
6
Calculate the highest common factor of 19316770 and 1340.
670
Calculate the greatest common divisor of 11258389 and 559.
43
What is the highest common factor of 111414846 and 24?
6
Calculate the highest common divisor of 257074 and 493.
17
What is the highest common divisor of 318255 and 50015?
35
What is the highest common divisor of 562 and 502924808?
562
What is the highest common factor of 180864 and 1140762?
942
What is the greatest common divisor of 20137813 and 386?
193
Calculate the greatest common factor of 3236934 and 6965.
199
What is the highest common factor of 2871 and 7961544?
261
Calculate the greatest common factor of 838 and 231169842.
838
What is the greatest common factor of 1424287 and 3629?
191
What is the greatest common divisor of 66659 and 33234?
191
What is the highest common divisor of 35630860 and 320?
20
What is the highest common divisor of 38 and 3988917?
19
What is the greatest common factor of 138918 and 2876718?
1014
Calculate the highest common divisor of 15240307 and 1.
1
What is the highest common divisor of 38471 and 79424?
1241
Calculate the highest common divisor of 2561 and 11011507.
13
What is the highest common divisor of 20501 and 64729210?
1079
Calculate the greatest common divisor of 2156 and 819476.
196
Calculate the highest common divisor of 89177 and 1729739.
737
What is the highest common factor of 3517097 and 67?
1
What is the greatest common divisor of 1070 and 51468926?
214
Calculate the greatest common divisor of 64302624 and 96.
96
Calculate the highest common factor of 2211946 and 17864.
638
What is the highest common divisor of 126048505 and 44440?
5555
Calculate the highest common factor of 109074 and 6360.
318
What is the greatest common divisor of 93681 and 367289?
1487
What is the greatest common divisor of 195 and 101094890?
65
Calculate the highest common divisor of 68 and 205284.
4
Calculate the greatest common divisor of 738 and 411260832.
738
What is the greatest common factor of 2321610 and 405?
15
Calculate the highest common divisor of 408890537 and 10131.
3377
Calculate the greatest common factor of 115228 and 32.
4
What is the highest common factor of 617364 and 12320?
44
What is the highest common divisor of 36 and 583264134?
18
What is the greatest common divisor of 69 and 2495569?
23
What is the greatest common divisor of 2536994 and 2698?
38
Calculate the highest common divisor of 36656 and 123216853.
2291
What is the greatest common divisor of 256074 and 3626?
98
Calculate the highest common factor of 149297140 and 690.
230
What is the highest common divisor of 1029870 and 270?
90
Calculate the highest common factor of 1049902 and 532.
266
Calculate the highest common factor of 528 and 612656.
176
What is the highest common factor of 1105643 and 166?
83
Calculate the greatest common divisor of 5759 and 128882.
13
Calculate the highest common factor of 56675166 and 402.
402
Calculate the greatest common divisor of 48994 and 9416.
22
What is the greatest common f